{"id":799,"date":"2018-06-07T08:54:07","date_gmt":"2018-06-07T06:54:07","guid":{"rendered":"http:\/\/ihgd.pl\/?page_id=799"},"modified":"2025-01-08T09:26:15","modified_gmt":"2025-01-08T08:26:15","slug":"wniosek-o-rozpoznanie-sprawy-przez-ssp","status":"publish","type":"page","link":"https:\/\/ihgd.pl\/?page_id=799","title":{"rendered":"Wniosek o rozpoznanie sprawy przez SSP"},"content":{"rendered":"<p><strong><em>Wniosek o rozpoznanie sprawy przez Sta\u0142y S\u0105d Polubowny <\/em><\/strong><em>(aktualizacja: stycze\u0144 2025 r.)<br \/>\n<\/em><\/p>\n<p>W formacie Microsoft WORD (do edycji w komputerze i wydruku):&nbsp;&nbsp; <a href=\"http:\/\/ihgd.pl\/wordpress\/wp-content\/uploads\/2025\/01\/wniosek_SSP_01.2025.docx\" target=\"_blank\" rel=\"noopener noreferrer\">Wniosek (doc)<br \/>\n<\/a>W formacie Adobe PDF (do wydruku):&nbsp;&nbsp; <a href=\"http:\/\/ihgd.pl\/wordpress\/wp-content\/uploads\/2025\/01\/wniosek_SSP_01.2025.pdf\" target=\"_blank\" rel=\"noopener noreferrer\">Wniosek (pdf)<\/a><\/p>\n","protected":false},"excerpt":{"rendered":"<div class=\"mh-excerpt\"><p>Wniosek o rozpoznanie sprawy przez Sta\u0142y S\u0105d Polubowny (aktualizacja: stycze\u0144 2025 r.) W formacie Microsoft WORD (do edycji w komputerze i wydruku):&nbsp;&nbsp; Wniosek (doc) W formacie Adobe PDF (do wydruku):&nbsp;&nbsp; <a class=\"mh-excerpt-more\" href=\"https:\/\/ihgd.pl\/?page_id=799\" title=\"Wniosek o rozpoznanie sprawy przez SSP\">(((&#8230;wi\u0119cej)))<\/a><\/p>\n<\/div>","protected":false},"author":1,"featured_media":0,"parent":0,"menu_order":0,"comment_status":"closed","ping_status":"closed","template":"","meta":{"ngg_post_thumbnail":0,"footnotes":""},"class_list":["post-799","page","type-page","status-publish","hentry"],"_links":{"self":[{"href":"https:\/\/ihgd.pl\/index.php?rest_route=\/wp\/v2\/pages\/799","targetHints":{"allow":["GET"]}}],"collection":[{"href":"https:\/\/ihgd.pl\/index.php?rest_route=\/wp\/v2\/pages"}],"about":[{"href":"https:\/\/ihgd.pl\/index.php?rest_route=\/wp\/v2\/types\/page"}],"author":[{"embeddable":true,"href":"https:\/\/ihgd.pl\/index.php?rest_route=\/wp\/v2\/users\/1"}],"replies":[{"embeddable":true,"href":"https:\/\/ihgd.pl\/index.php?rest_route=%2Fwp%2Fv2%2Fcomments&post=799"}],"version-history":[{"count":13,"href":"https:\/\/ihgd.pl\/index.php?rest_route=\/wp\/v2\/pages\/799\/revisions"}],"predecessor-version":[{"id":5315,"href":"https:\/\/ihgd.pl\/index.php?rest_route=\/wp\/v2\/pages\/799\/revisions\/5315"}],"wp:attachment":[{"href":"https:\/\/ihgd.pl\/index.php?rest_route=%2Fwp%2Fv2%2Fmedia&parent=799"}],"curies":[{"name":"wp","href":"https:\/\/api.w.org\/{rel}","templated":true}]}}