{"id":28,"date":"2017-07-26T09:37:36","date_gmt":"2017-07-26T07:37:36","guid":{"rendered":"http:\/\/ihgd.home.pl\/wordpress\/?page_id=28"},"modified":"2026-03-03T14:16:44","modified_gmt":"2026-03-03T13:16:44","slug":"rzecznik-prasowy","status":"publish","type":"page","link":"https:\/\/ihgd.pl\/?page_id=28","title":{"rendered":"Rzecznik prasowy"},"content":{"rendered":"<p style=\"text-align: justify;\"><strong>Rzecznik Prasowy odpowiada wy\u0142\u0105cznie na korespondencj\u0119 przes\u0142an\u0105 przez dziennikarzy. Korespondencja powinna zawiera\u0107 imi\u0119 i nazwisko dziennikarza, redakcj\u0119 i numer telefonu.<\/strong><\/p>\n<p><b>Kontakt dla dziennikarzy<\/b>:<br \/>\nAleksandra W\u00f3jcik<br \/>\nWojew\u00f3dzki Inspektorat<br \/>\nInspekcji Handlowej w Gda\u0144sku<br \/>\nemail: sekretariat@ihgd.pl<br \/>\ntel. (58) 341-08-77<\/p>\n","protected":false},"excerpt":{"rendered":"<div class=\"mh-excerpt\"><p>Rzecznik Prasowy odpowiada wy\u0142\u0105cznie na korespondencj\u0119 przes\u0142an\u0105 przez dziennikarzy. Korespondencja powinna zawiera\u0107 imi\u0119 i nazwisko dziennikarza, redakcj\u0119 i numer telefonu. Kontakt dla dziennikarzy: Aleksandra W\u00f3jcik Wojew\u00f3dzki Inspektorat Inspekcji Handlowej w <a class=\"mh-excerpt-more\" href=\"https:\/\/ihgd.pl\/?page_id=28\" title=\"Rzecznik prasowy\">(((&#8230;wi\u0119cej)))<\/a><\/p>\n<\/div>","protected":false},"author":1,"featured_media":0,"parent":13,"menu_order":0,"comment_status":"closed","ping_status":"closed","template":"","meta":{"ngg_post_thumbnail":0,"footnotes":""},"class_list":["post-28","page","type-page","status-publish","hentry"],"_links":{"self":[{"href":"https:\/\/ihgd.pl\/index.php?rest_route=\/wp\/v2\/pages\/28","targetHints":{"allow":["GET"]}}],"collection":[{"href":"https:\/\/ihgd.pl\/index.php?rest_route=\/wp\/v2\/pages"}],"about":[{"href":"https:\/\/ihgd.pl\/index.php?rest_route=\/wp\/v2\/types\/page"}],"author":[{"embeddable":true,"href":"https:\/\/ihgd.pl\/index.php?rest_route=\/wp\/v2\/users\/1"}],"replies":[{"embeddable":true,"href":"https:\/\/ihgd.pl\/index.php?rest_route=%2Fwp%2Fv2%2Fcomments&post=28"}],"version-history":[{"count":9,"href":"https:\/\/ihgd.pl\/index.php?rest_route=\/wp\/v2\/pages\/28\/revisions"}],"predecessor-version":[{"id":6167,"href":"https:\/\/ihgd.pl\/index.php?rest_route=\/wp\/v2\/pages\/28\/revisions\/6167"}],"up":[{"embeddable":true,"href":"https:\/\/ihgd.pl\/index.php?rest_route=\/wp\/v2\/pages\/13"}],"wp:attachment":[{"href":"https:\/\/ihgd.pl\/index.php?rest_route=%2Fwp%2Fv2%2Fmedia&parent=28"}],"curies":[{"name":"wp","href":"https:\/\/api.w.org\/{rel}","templated":true}]}}