{"id":21,"date":"2017-07-26T09:36:17","date_gmt":"2017-07-26T07:36:17","guid":{"rendered":"http:\/\/ihgd.home.pl\/wordpress\/?page_id=21"},"modified":"2026-01-19T08:17:55","modified_gmt":"2026-01-19T07:17:55","slug":"kierownictwo","status":"publish","type":"page","link":"https:\/\/ihgd.pl\/?page_id=21","title":{"rendered":"Kierownictwo"},"content":{"rendered":"<div style=\"text-align: justify;\"><span style=\"color: #008000;\"><strong>Pomorski Wojew\u00f3dzki Inspektor Inspekcji Handlowej<\/strong><\/span><\/div>\n<div style=\"text-align: justify;\"><span style=\"color: #333399;\"><strong><span style=\"color: #ff0000;\">Jaros\u0142aw Maciejewski<\/span><\/strong><\/span><\/div>\n<div style=\"text-align: justify;\">&nbsp;<\/div>\n<p style=\"text-align: justify;\">Do zada\u0144 i kompetencji Pomorskiego Wojew\u00f3dzkiego Inspektora w szczeg\u00f3lno\u015bci nale\u017cy:<\/p>\n<ol style=\"text-align: justify;\">\n<li style=\"text-align: justify;\">Reprezentowanie Inspektoratu na zewn\u0105trz oraz sprawowanie og\u00f3lnego kierownictwa, a tak\u017ce nadzoru nad realizacj\u0105 jego zada\u0144 i kompetencji realizowanych przez Zast\u0119pc\u0119, Dyrektora Delegatury oraz kierownik\u00f3w kom\u00f3rek organizacyjnych i samodzielne stanowiska pracy Inspektoratu;<\/li>\n<li style=\"text-align: justify;\">Zatwierdzanie:<br \/>\na) plan\u00f3w pracy kontrolnej kom\u00f3rek organizacyjnych Inspektoratu,<br \/>\nb) rocznego planu finansowego dochod\u00f3w i wydatk\u00f3w bud\u017cetowych Inspektoratu,<br \/>\nc) p\u00f3\u0142rocznego planu kontroli wewn\u0119trznej Inspektoratu,<br \/>\nd) rocznego planu zatrudnienia i wynagrodze\u0144 Inspektoratu;<\/li>\n<li style=\"text-align: justify;\">Dysponowanie \u015brodkami bud\u017cetowymi w ramach obowi\u0105zuj\u0105cego w danym okresie rozliczeniowym rocznego planu finansowego dochod\u00f3w i wydatk\u00f3w bud\u017cetowych Inspektoratu;<\/li>\n<li style=\"text-align: justify;\">Wydawanie decyzji i postanowie\u0144 oraz akt\u00f3w prawa wewn\u0119trznego;<\/li>\n<li style=\"text-align: justify;\">Udzielanie pracownikom upowa\u017cnie\u0144 do: przeprowadzania kontroli, prowadzenia post\u0119powa\u0144 w sprawie pozas\u0105dowego rozwi\u0105zywania spor\u00f3w konsumenckich oraz do wydawania w jego imieniu decyzji i postanowie\u0144, a tak\u017ce do reprezentowania Pomorskiego Wojew\u00f3dzkiego Inspektora przed organami \u015bcigania i s\u0105dami;<\/li>\n<li style=\"text-align: justify;\">Kierowanie wniosk\u00f3w o ukaranie, postanowie\u0144 o odmowie wszcz\u0119cia dochodzenia, postanowie\u0144 o umorzeniu dochodzenia, wniosk\u00f3w o warunkowe umorzenie post\u0119powania, akt\u00f3w oskar\u017cenia oraz zawiadomie\u0144 o podejrzeniu pope\u0142nienia przest\u0119pstwa do organ\u00f3w \u015bcigania;<\/li>\n<li style=\"text-align: justify;\">Ustalanie dla kierownik\u00f3w kom\u00f3rek organizacyjnych oraz zatwierdzanie dla pozosta\u0142ych pracownik\u00f3w Inspektoratu indywidualnych zakres\u00f3w czynno\u015bci;<\/li>\n<\/ol>\n<p style=\"text-align: justify;\">Pomorski Wojew\u00f3dzki Inspektor sprawuje bezpo\u015bredni nadz\u00f3r merytoryczny i formalno\u2013prawny oraz organizacyjny nad prac\u0105:<\/p>\n<ol style=\"text-align: justify;\">\n<li>Zast\u0119pcy,<\/li>\n<li>Wydzia\u0142u Prawno-Organizacyjnego,<\/li>\n<li>Wydzia\u0142u Bud\u017cetowo-Administracyjnego,<\/li>\n<li>Wydzia\u0142u Nadzoru Rynku i Kontroli Paliw,<\/li>\n<li>Pe\u0142nomocnika ds. ochrony informacji niejawnych,<\/li>\n<li>Samodzielnego stanowiska pracy ds. pracowniczych,<\/li>\n<li>Inspektora Ochrony Danych,<\/li>\n<li>Rzecznika prasowego,<\/li>\n<li>Inspektora ds. bezpiecze\u0144stwa i higieny pracy.<\/li>\n<\/ol>\n<p style=\"text-align: justify;\">Pomorski Wojew\u00f3dzki Inspektor sprawuje nadz\u00f3r w zakresie dzia\u0142alno\u015bci administracyjnej Sta\u0142ego S\u0105du Polubownego w Gda\u0144sku, a tak\u017ce Przewodnicz\u0105cego tego S\u0105du.<\/p>\n<hr>\n<div style=\"text-align: justify;\">&nbsp;<\/div>\n<div style=\"text-align: justify;\"><span style=\"color: #008000;\"><strong>Z-ca Pomorskiego Wojew\u00f3dzkiego Inspektora Inspekcji Handlowej<\/strong><\/span><\/div>\n<div style=\"text-align: justify;\"><span style=\"color: #ff0000;\"><strong>Marcin Szykut<\/strong><\/span><\/div>\n<div style=\"text-align: justify;\">&nbsp;<\/div>\n<div style=\"text-align: justify;\">Do kompetencji i obowi\u0105zk\u00f3w s\u0142u\u017cbowych Zast\u0119pcy w szczeg\u00f3lno\u015bci nale\u017cy:<\/div>\n<ol style=\"text-align: justify;\">\n<li style=\"text-align: justify;\">Reprezentowanie na zewn\u0105trz Inspektoratu w przedmiocie nadzorowanych przez niego spraw;<\/li>\n<li style=\"text-align: justify;\">Organizowanie, koordynowanie kontroli oraz dzia\u0142a\u0144 w sprawach pozas\u0105dowego rozwi\u0105zywania spor\u00f3w konsumenckich, ochrony konsument\u00f3w przez podleg\u0142e kom\u00f3rki organizacyjne Inspektoratu, a tak\u017ce sprawowanie bie\u017c\u0105cego nadzoru nad ich dzia\u0142alno\u015bci\u0105;<\/li>\n<li style=\"text-align: justify;\">Sprawowanie nadzoru w formie weryfikacji akt kontroli w zakresie prawid\u0142owo\u015bci stosowania przez inspektor\u00f3w kontroli aktualnych krajowych i wsp\u00f3lnotowych akt\u00f3w prawnych reguluj\u0105cych zagadnienia dotycz\u0105ce uprawnie\u0144 kontrolnych Inspekcji Handlowej, a tak\u017ce post\u0119powania mandatowego oraz przeprowadzanie okresowych kontroli w wydzia\u0142ach, w zakresie realizacji nadzoru przez poszczeg\u00f3lnych kierownik\u00f3w tych kom\u00f3rek nad prac\u0105 inspektor\u00f3w w terenie i prawid\u0142owo\u015bci przeprowadzonego post\u0119powania kontrolnego i mandatowego, a tak\u017ce czynami o charakterze korupcyjnym;<\/li>\n<li style=\"text-align: justify;\">Sprawowanie wewn\u0119trznej kontroli funkcjonalnej w zakresie weryfikacji materia\u0142\u00f3w z pracy i dzia\u0142alno\u015bci bezpo\u015brednio podleg\u0142ych kom\u00f3rek organizacyjnych pod wzgl\u0119dem formalno-prawnym i merytorycznym,<\/li>\n<li style=\"text-align: justify;\">Monitorowanie na bie\u017c\u0105co stopnia wykonania plan\u00f3w pracy kontrolnej Inspektoratu, w tym kwartalnych za\u0142o\u017ce\u0144 do program\u00f3w i metodyk kontroli z zakresu dzia\u0142ania podleg\u0142ych kom\u00f3rek kontrolnych;<\/li>\n<li style=\"text-align: justify;\">Opracowywanie skutecznych metod pracy i wdra\u017canie ich w \u017cycie w ramach doskonalenia form pracy kontrolnej podleg\u0142ych kom\u00f3rek organizacyjnych;<\/li>\n<li style=\"text-align: justify;\">Inicjowanie sporz\u0105dzania oraz nadz\u00f3r i kontrola pod wzgl\u0119dem merytorycznym i formalno \u2013 prawnym terminowo\u015bci i rzetelno\u015bci opracowanych zbiorczych sprawozda\u0144 i analiz z dzia\u0142alno\u015bci podleg\u0142ych bezpo\u015brednio kom\u00f3rek organizacyjnych;<\/li>\n<li style=\"text-align: justify;\">Odbywanie w miar\u0119 potrzeb, jednak nie rzadziej ni\u017c raz na kwarta\u0142, z pracownikami podleg\u0142ego pionu:<br \/>\na) narad pokontrolnych podsumowuj\u0105cych wykonanie: kontroli bie\u017c\u0105cych i zleconych przez Prezesa UOKiK-u, Wojewod\u0119 i Pomorskiego Wojew\u00f3dzkiego Inspektora oraz wynikaj\u0105cych z plan\u00f3w pracy kontrolnej Inspektoratu, w tym prawid\u0142owo\u015bci realizacji przeprowadzonych przez poszczeg\u00f3lne kom\u00f3rki organizacyjne tematyk i metodyk kontroli,<br \/>\nb) szkole\u0144 tematycznych w zakresie wyeliminowania stwierdzonych nieprawid\u0142owo\u015bci w pracy kom\u00f3rek organizacyjnych w toku realizacji kontroli wewn\u0119trznej zar\u00f3wno funkcjonalnej jak i instytucjonalnej;<\/li>\n<li style=\"text-align: justify;\">Podpisywanie z upowa\u017cnienia lub w zast\u0119pstwie Pomorskiego Wojew\u00f3dzkiego Inspektora upowa\u017cnie\u0144 do: przeprowadzenia kontroli, w tym urz\u0119dowej kontroli \u017cywno\u015bci oraz polece\u0144 wyjazd\u00f3w s\u0142u\u017cbowych, a tak\u017ce podejmowanie, wydawanie oraz podpisywanie decyzji, postanowie\u0144, dokument\u00f3w i korespondencji w jego imieniu;<\/li>\n<li style=\"text-align: justify;\">Kierowanie wyst\u0105pie\u0144 pokontrolnych lub informacji do jednostek kontrolowanych lub organ\u00f3w nadrz\u0119dnych tych jednostek oraz innych organ\u00f3w kontrolnych w sprawach nie zastrze\u017conych dla Pomorskiego Wojew\u00f3dzkiego Inspektora;<\/li>\n<\/ol>\n<p style=\"text-align: justify;\">Zast\u0119pca Pomorskiego Wojew\u00f3dzkiego Inspektora sprawuje bezpo\u015bredni nadz\u00f3r merytoryczny i formalno-prawny oraz organizacyjny nad prac\u0105:<\/p>\n<ol style=\"text-align: justify;\">\n<li>Wydzia\u0142u ds. Pozas\u0105dowego Rozwi\u0105zywania Spor\u00f3w Konsumenckich;<\/li>\n<li>Wydzia\u0142u Kontroli Handlu i Us\u0142ug;<\/li>\n<li>Delegatury w S\u0142upsku.<\/li>\n<\/ol>\n<hr>\n<div style=\"text-align: justify;\">&nbsp;<\/div>\n<div style=\"text-align: justify;\"><span style=\"color: #008000;\"><strong>Dyrektor Delegatury w S\u0142upsku<\/strong><\/span><\/div>\n<div style=\"text-align: justify;\"><span style=\"color: #ff0000;\"><strong>Joanna Zieli\u0144ska<\/strong><\/span><\/div>\n<div style=\"text-align: justify;\">&nbsp;<\/div>\n<div style=\"text-align: justify;\">Kieruje dzia\u0142alno\u015bci\u0105 Delegatury w zakresie powierzonych spraw (wynikaj\u0105cych z Regulaminu organizacyjnego WIIH w Gda\u0144sku).<\/div>\n<div style=\"text-align: justify;\">&nbsp;<\/div>\n<div style=\"text-align: justify;\">\n<hr>\n<\/div>\n<div style=\"text-align: justify;\">&nbsp;<\/div>\n<div style=\"text-align: justify;\">\n<div><strong><span style=\"color: #008000;\">G\u0142\u00f3wny Ksi\u0119gowy<\/span><br \/>\n<span style=\"color: #ff0000;\">Dorota Wojciechowska-Ghaemi<\/span><\/strong><\/div>\n<\/div>\n<div>&nbsp;<\/div>\n<div style=\"text-align: justify;\">Realizuje zadania finansowo-ksi\u0119gowe Inspektoratu Inspekcji Handlowej w Gda\u0144sku.<\/div>\n","protected":false},"excerpt":{"rendered":"<div class=\"mh-excerpt\"><p>Pomorski Wojew\u00f3dzki Inspektor Inspekcji Handlowej Jaros\u0142aw Maciejewski &nbsp; Do zada\u0144 i kompetencji Pomorskiego Wojew\u00f3dzkiego Inspektora w szczeg\u00f3lno\u015bci nale\u017cy: Reprezentowanie Inspektoratu na zewn\u0105trz oraz sprawowanie og\u00f3lnego kierownictwa, a tak\u017ce nadzoru nad <a class=\"mh-excerpt-more\" href=\"https:\/\/ihgd.pl\/?page_id=21\" title=\"Kierownictwo\">(((&#8230;wi\u0119cej)))<\/a><\/p>\n<\/div>","protected":false},"author":1,"featured_media":0,"parent":13,"menu_order":0,"comment_status":"closed","ping_status":"closed","template":"","meta":{"ngg_post_thumbnail":0,"footnotes":""},"class_list":["post-21","page","type-page","status-publish","hentry"],"_links":{"self":[{"href":"https:\/\/ihgd.pl\/index.php?rest_route=\/wp\/v2\/pages\/21","targetHints":{"allow":["GET"]}}],"collection":[{"href":"https:\/\/ihgd.pl\/index.php?rest_route=\/wp\/v2\/pages"}],"about":[{"href":"https:\/\/ihgd.pl\/index.php?rest_route=\/wp\/v2\/types\/page"}],"author":[{"embeddable":true,"href":"https:\/\/ihgd.pl\/index.php?rest_route=\/wp\/v2\/users\/1"}],"replies":[{"embeddable":true,"href":"https:\/\/ihgd.pl\/index.php?rest_route=%2Fwp%2Fv2%2Fcomments&post=21"}],"version-history":[{"count":21,"href":"https:\/\/ihgd.pl\/index.php?rest_route=\/wp\/v2\/pages\/21\/revisions"}],"predecessor-version":[{"id":6026,"href":"https:\/\/ihgd.pl\/index.php?rest_route=\/wp\/v2\/pages\/21\/revisions\/6026"}],"up":[{"embeddable":true,"href":"https:\/\/ihgd.pl\/index.php?rest_route=\/wp\/v2\/pages\/13"}],"wp:attachment":[{"href":"https:\/\/ihgd.pl\/index.php?rest_route=%2Fwp%2Fv2%2Fmedia&parent=21"}],"curies":[{"name":"wp","href":"https:\/\/api.w.org\/{rel}","templated":true}]}}