{"id":1584,"date":"2019-12-12T11:25:37","date_gmt":"2019-12-12T10:25:37","guid":{"rendered":"http:\/\/ihgd.pl\/?page_id=1584"},"modified":"2025-12-30T13:55:13","modified_gmt":"2025-12-30T12:55:13","slug":"deklaracja-dostepnosci-serwisu-internetowego","status":"publish","type":"page","link":"https:\/\/ihgd.pl\/?page_id=1584","title":{"rendered":"Deklaracja dost\u0119pno\u015bci serwisu internetowego."},"content":{"rendered":"<h3 style=\"text-align: justify;\"><strong><span style=\"color: #008000;\">DEKLARACJA DOST\u0118PNO\u015aCI SERWISU INTERNETOWEGO<\/span><br \/>\nWojew\u00f3dzkiego Inspektoratu Inspekcji Handlowej w Gda\u0144sku<\/strong><\/h3>\n<p style=\"text-align: justify;\">Wojew\u00f3dzki Inspektorat Inspekcji Handlowej w Gda\u0144sku&nbsp;zobowi\u0105zuje si\u0119 zapewni\u0107 dost\u0119pno\u015b\u0107 strony internetowej <a href=\"http:\/\/www.ihgd.pl\">www.ihgd.pl<\/a> zgodnie z ustaw\u0105 z dnia 4 kwietnia 2019 r. o dost\u0119pno\u015bci cyfrowej stron internetowych i aplikacji mobilnych podmiot\u00f3w publicznych (Dz. U. z 2019 r., poz. 848).<\/p>\n<p style=\"text-align: justify;\"><strong>Data publikacji strony internetowej<\/strong>:&nbsp;20.05.2016 r.<\/p>\n<p style=\"text-align: justify;\"><strong>Data ostatniej du\u017cej aktualizacji<\/strong>: 20.11.2025 r.<\/p>\n<p style=\"text-align: justify;\">Strona internetowa jest zgodna z ustaw\u0105 o dost\u0119pno\u015bci cyfrowej stron internetowych i aplikacji mobilnych podmiot\u00f3w publicznych (Dz. U. z 2019 r., poz. 848).<\/p>\n<p style=\"text-align: justify;\">O\u015bwiadczenie sporz\u0105dzono dnia 30.10.2019 r. Deklaracj\u0119 sporz\u0105dzono na podstawie samooceny przeprowadzonej przez podmiot publiczny oraz w oparciu o <a href=\"https:\/\/www.gov.pl\/attachment\/1a3e2bb5-6d60-4897-ac2f-07a8e91e70ed\">List\u0119 kontroln\u0105 do badania dost\u0119pno\u015bci cyfrowej strony internetowej v. 2.2<\/a><\/p>\n<p>Deklaracj\u0119 uaktualniono dnia: <strong><span style=\"color: #ff0000;\">20.11.2025 r.<\/span><\/strong><\/p>\n<p style=\"text-align: justify;\">Na stronie internetowej mo\u017cna korzysta\u0107 ze standardowych skr\u00f3t\u00f3w klawiaturowych.<\/p>\n<section id=\"a11y-procedura\" class=\"dd-section\"><\/section>\n<p style=\"text-align: justify;\"><strong>Wytyczne dotycz\u0105ce dost\u0119pno\u015bci tre\u015bci internetowych (WCAG) okre\u015blaj\u0105 wymagania dla projektant\u00f3w i programist\u00f3w dotycz\u0105ce poprawy dost\u0119pno\u015bci strony internetowej dla os\u00f3b niepe\u0142nosprawnych. Serwis internetowy Wojew\u00f3dzkiego Inspektoratu Inspekcji Handlowej w Gda\u0144sku jest zgodny z tym standardem.&nbsp;<\/strong><\/p>\n<p><span style=\"color: #ff0000;\"><strong>Dost\u0119pne opcje dla os\u00f3b niepe\u0142nosprawnych to:<\/strong><\/span><\/p>\n<ul>\n<li>powi\u0119kszanie rozmiaru tekstu,<\/li>\n<li>zmniejszanie rozmiaru tekstu,<\/li>\n<li>wersja w skali odcieni szaro\u015bci,<\/li>\n<li>wersja kontrastowa strony,<\/li>\n<li>kontrast negatywny strony,<\/li>\n<li>jasne t\u0142o,<\/li>\n<li>podkre\u015blenie link\u00f3w,<\/li>\n<li>czytelniejsza czcionka tytu\u0142\u00f3w.<\/li>\n<\/ul>\n<p style=\"text-align: justify;\">Wyb\u00f3r powy\u017cszych wariant\u00f3w jest mo\u017cliwy po klikni\u0119ciu w niebiesk\u0105 ikon\u0119 opcji dost\u0119pno\u015bci kt\u00f3ra znajduje si\u0119 zawsze w lewym g\u00f3rnym rogu strony (dost\u0119pne r\u00f3wnie\u017c w wersji mobilnej strony).<\/p>\n<p>Stron\u0119 mo\u017cna przet\u0142umaczy\u0107 dodatkowo na 3 j\u0119zyki &#8211; angielski, niemiecki oraz ukrai\u0144ski. Wystarczy klikn\u0105\u0107&nbsp; w niebiesk\u0105 ikon\u0119 &#8222;Przet\u0142umacz stron\u0119&#8221; znajduj\u0105c\u0105 si\u0119 w prawym g\u00f3rnym rogu strony (dost\u0119pne r\u00f3wnie\u017c w wersji mobilnej strony).<\/p>\n<p style=\"text-align: justify;\"><span style=\"text-decoration: underline;\"><strong><span style=\"color: #008000; text-decoration: underline;\">Informacje zwrotne i dane kontaktowe.<\/span><\/strong><\/span><\/p>\n<p style=\"text-align: justify;\">W przypadku problem\u00f3w z dost\u0119pno\u015bci\u0105 strony internetowej prosimy o kontakt. Osob\u0105 odpowiedzialn\u0105 jest Pan Janusz Karbowski &#8211; informatyk, adres poczty elektronicznej <a href=\"mailto:janusz.karbowski@ihgd.pl\">janusz.karbowski@ihgd.pl<\/a>.<\/p>\n<p style=\"text-align: justify;\">Kontaktowa\u0107 mo\u017cna si\u0119 tak\u017ce dzwoni\u0105c na numer telefonu (58) 3410877. T\u0105 sam\u0105 drog\u0105 mo\u017cna sk\u0142ada\u0107 wnioski o udost\u0119pnienie informacji niedost\u0119pnej oraz sk\u0142ada\u0107 skargi na brak zapewnienia dost\u0119pno\u015bci.<\/p>\n<p style=\"text-align: justify;\">Ka\u017cdy ma prawo do wyst\u0105pienia z \u017c\u0105daniem zapewnienia dost\u0119pno\u015bci cyfrowej strony internetowej, aplikacji mobilnej lub jakiego\u015b ich elementu. Mo\u017cna tak\u017ce za\u017c\u0105da\u0107 udost\u0119pnienia informacji w formach alternatywnych, na przyk\u0142ad odczytanie niedost\u0119pnego cyfrowo dokumentu, opisania zawarto\u015bci filmu bez audiodeskrypcji itp. \u017b\u0105danie powinno zawiera\u0107 dane osoby zg\u0142aszaj\u0105cej \u017c\u0105danie, wskazanie, o kt\u00f3r\u0105 stron\u0119 internetow\u0105 chodzi oraz spos\u00f3b kontaktu. Je\u017celi osoba \u017c\u0105daj\u0105ca zg\u0142asza potrzeb\u0119 otrzymania informacji w formie alternatywnej, powinna tak\u017ce okre\u015bli\u0107 form\u0119 tej informacji.<\/p>\n<p style=\"text-align: justify;\">Podmiot publiczny powinien zrealizowa\u0107 \u017c\u0105danie niezw\u0142ocznie i nie p\u00f3\u017aniej, ni\u017c w ci\u0105gu 7 dni. Je\u017celi dotrzymanie tego terminu nie jest mo\u017cliwe, podmiot publiczny niezw\u0142ocznie informuje o tym, kiedy realizacja \u017c\u0105dania b\u0119dzie mo\u017cliwa, przy czym termin ten nie mo\u017ce by\u0107 d\u0142u\u017cszy ni\u017c 2 miesi\u0105ce. Je\u017celi zapewnienie dost\u0119pno\u015bci nie jest mo\u017cliwe, podmiot publiczny mo\u017ce zaproponowa\u0107 alternatywny spos\u00f3b dost\u0119pu do informacji.<\/p>\n<p style=\"text-align: justify;\">W przypadku, gdy podmiot odm\u00f3wi realizacji \u017c\u0105dania zapewnienia dost\u0119pno\u015bci lub alternatywnego dost\u0119pu do informacji, mo\u017cna z\u0142o\u017cy\u0107 skarg\u0119 na takie dzia\u0142anie.<\/p>\n<p style=\"text-align: justify;\">Po wyczerpaniu wszystkich mo\u017cliwo\u015bci skarg\u0119 mo\u017cna przes\u0142a\u0107 tak\u017ce do&nbsp;<a href=\"https:\/\/www.rpo.gov.pl\/content\/jak-zglosic-sie-do-rzecznika-praw-obywatelskich\">Rzecznika Praw Obywatelskich<\/a>.<\/p>\n<p style=\"text-align: justify;\"><strong><br \/>\n<span style=\"text-decoration: underline;\"><span style=\"color: #008000; text-decoration: underline;\">Dost\u0119pno\u015b\u0107 architektoniczna.<\/span><\/span><\/strong><\/p>\n<p style=\"text-align: justify;\">Wojew\u00f3dzki Inspektorat Inspekcji Handlowej w Gda\u0144sku, ul. M. Konopnickiej 4, 80-240 Gda\u0144sk.<\/p>\n<p style=\"text-align: justify;\">Do budynku prowadzi wej\u015bcie od ul. Konopnickiej 4. Przy schodach od wej\u015bcia znajduje si\u0119 podjazd dla w\u00f3zk\u00f3w. <strong>Sekretariat<\/strong> znajduje si\u0119 po prawej stronie w korytarzu na parterze.<\/p>\n<p style=\"text-align: justify;\"><strong>Dla os\u00f3b na w\u00f3zkach<\/strong> dost\u0119pny jest korytarz i pomieszczenia na parterze. Do cz\u0119\u015bci korytarza prowadz\u0105 schody, kt\u00f3re mo\u017cna pokona\u0107 za pomoc\u0105 platformy przy schodach. W budynku nie ma windy.<\/p>\n<p style=\"text-align: justify;\">W budynku jest jedna toaleta dla os\u00f3b niepe\u0142nosprawnych (na parterze).<\/p>\n<p style=\"text-align: justify;\">Na parkingu za budynkiem przy ul. M. Konopnickiej 4<strong> <span style=\"color: #ff0000;\">wyznaczono miejsce parkingowe dla osoby niepe\u0142nosprawnej<\/span><\/strong>.<\/p>\n<p style=\"text-align: justify;\"><strong>Do budynku i wszystkich jego pomieszcze\u0144 mo\u017cna wej\u015b\u0107 z psem asystuj\u0105cym i psem przewodnikiem.<\/strong><\/p>\n<p style=\"text-align: justify;\">W budynku Wojew\u00f3dzkiego Inspektoratu Inspekcji Handlowej w Gda\u0144sku <span style=\"color: #ff0000;\"><strong>zainstalowano p\u0119tl\u0119 indukcyjn\u0105<\/strong><\/span>.<\/p>\n<p style=\"text-align: justify;\">W budynku nie ma oznacze\u0144 w alfabecie brajla ani oznacze\u0144 kontrastowych lub w druku powi\u0119kszonym dla os\u00f3b niewidomych i s\u0142abowidz\u0105cych.<\/p>\n<p>&nbsp;<\/p>\n<hr>\n<h6 style=\"text-align: justify;\"><em>Deklaracj\u0119 dost\u0119pno\u015bci sporz\u0105dzono z wykorzystaniem wzoru okre\u015blonego w za\u0142\u0105czniku do decyzji wykonawczej Komisji (UE) 2018\/1523 z dnia 11 pa\u017adziernika 2018 r. ustanawiaj\u0105cej wz\u00f3r o\u015bwiadczenia w sprawie dost\u0119pno\u015bci zgodnie z dyrektyw\u0105 Parlamentu Europejskiego i Rady (UE) 2016\/2102 <\/em><em>w sprawie dost\u0119pno\u015bci stron internetowych i mobilnych aplikacji organ\u00f3w sektora publicznego (Dz. Urz. UE L 256 z 12.10.2018, str. 103), zwanej dalej \u201edecyzj\u0105 wykonawcz\u0105 2018\/1523\u201d<\/em><\/h6>\n<hr>\n<p><strong><span style=\"color: #ff0000;\"><span style=\"color: #008000;\"><br \/>\n<span style=\"color: #ff0000;\">DOKUMENTY:<\/span><\/span><br \/>\n<\/span><\/strong><span style=\"color: #ff0000;\"><em><a href=\"https:\/\/ihgd.pl\/wordpress\/wp-content\/uploads\/2025\/12\/plan_dzialan_na_rzecz_poprawy_zapewnienia_dostepnosci_osobom_ze_szczegolnymi_potrzebami_w_WIIH_Gdansk-na_lata_2026-2030.pdf\" target=\"_blank\" rel=\"noopener\">Plan dzia\u0142a\u0144 na rzecz poprawy zapewnienia dost\u0119pno\u015bci osobom ze szczeg\u00f3lnymi potrzebami w Wojew\u00f3dzkim Inspektoracie Inspekcji Handlowej w Gda\u0144sku na lata 2026-2030<\/a><\/em><\/span><strong><span style=\"color: #ff0000;\"><br \/>\n<\/span><\/strong><\/p>\n","protected":false},"excerpt":{"rendered":"<div class=\"mh-excerpt\"><p>DEKLARACJA DOST\u0118PNO\u015aCI SERWISU INTERNETOWEGO Wojew\u00f3dzkiego Inspektoratu Inspekcji Handlowej w Gda\u0144sku Wojew\u00f3dzki Inspektorat Inspekcji Handlowej w Gda\u0144sku&nbsp;zobowi\u0105zuje si\u0119 zapewni\u0107 dost\u0119pno\u015b\u0107 strony internetowej www.ihgd.pl zgodnie z ustaw\u0105 z dnia 4 kwietnia 2019 <a class=\"mh-excerpt-more\" href=\"https:\/\/ihgd.pl\/?page_id=1584\" title=\"Deklaracja dost\u0119pno\u015bci serwisu internetowego.\">(((&#8230;wi\u0119cej)))<\/a><\/p>\n<\/div>","protected":false},"author":1,"featured_media":0,"parent":0,"menu_order":0,"comment_status":"closed","ping_status":"closed","template":"","meta":{"ngg_post_thumbnail":0,"footnotes":""},"class_list":["post-1584","page","type-page","status-publish","hentry"],"_links":{"self":[{"href":"https:\/\/ihgd.pl\/index.php?rest_route=\/wp\/v2\/pages\/1584","targetHints":{"allow":["GET"]}}],"collection":[{"href":"https:\/\/ihgd.pl\/index.php?rest_route=\/wp\/v2\/pages"}],"about":[{"href":"https:\/\/ihgd.pl\/index.php?rest_route=\/wp\/v2\/types\/page"}],"author":[{"embeddable":true,"href":"https:\/\/ihgd.pl\/index.php?rest_route=\/wp\/v2\/users\/1"}],"replies":[{"embeddable":true,"href":"https:\/\/ihgd.pl\/index.php?rest_route=%2Fwp%2Fv2%2Fcomments&post=1584"}],"version-history":[{"count":21,"href":"https:\/\/ihgd.pl\/index.php?rest_route=\/wp\/v2\/pages\/1584\/revisions"}],"predecessor-version":[{"id":5999,"href":"https:\/\/ihgd.pl\/index.php?rest_route=\/wp\/v2\/pages\/1584\/revisions\/5999"}],"wp:attachment":[{"href":"https:\/\/ihgd.pl\/index.php?rest_route=%2Fwp%2Fv2%2Fmedia&parent=1584"}],"curies":[{"name":"wp","href":"https:\/\/api.w.org\/{rel}","templated":true}]}}